of 23106048?
6
What is the ten thousands digit of 11442444?
4
What is the tens digit of 175803?
0
What is the tens digit of 424720?
2
What is the ten thousands digit of 371477?
7
What is the units digit of 7738?
8
What is the millions digit of 1830052?
1
What is the thousands digit of 1589309?
9
What is the ten thousands digit of 4200760?
0
What is the units digit of 161568?
8
What is the units digit of 125383?
3
What is the ten thousands digit of 4752353?
5
What is the units digit of 77300?
0
What is the hundreds digit of 9854177?
1
What is the ten thousands digit of 146243?
4
What is the hundreds digit of 8162559?
5
What is the ten thousands digit of 14791833?
9
What is the millions digit of 5400580?
5
What is the millions digit of 3748937?
3
What is the units digit of 3317166?
6
What is the ten thousands digit of 225719?
2
What is the units digit of 8610249?
9
What is the thousands digit of 4479642?
9
What is the ten thousands digit of 397235?
9
What is the hundreds digit of 721742?
7
What is the hundreds digit of 454902?
9
What is the hundreds digit of 261832?
8
What is the hundreds digit of 706405?
4
What is the tens digit of 3749605?
0
What is the hundred thousands digit of 534968?
5
What is the hundreds digit of 241605?
6
What is the units digit of 2867825?
5
What is the units digit of 151671?
1
What is the thousands digit of 1235742?
5
What is the thousands digit of 4013061?
3
What is the units digit of 4387259?
9
What is the hundreds digit of 2953?
9
What is the ten thousands digit of 16122634?
2
What is the units digit of 194258?
8
What is the thousands digit of 2118775?
8
What is the ten millions digit of 17319880?
1
What is the hundreds digit of 929526?
5
What is the ten millions digit of 14154737?
1
What is the ten thousands digit of 66527?
6
What is the units digit of 509282?
2
What is the ten thousands digit of 5640796?
4
What is the thousands digit of 2949649?
9
What is the hundred thousands digit of 16074003?
0
What is the hundreds digit of 11366603?
6
What is the tens digit of 1114254?
5
What is the units digit of 1865387?
7
What is the tens digit of 1093736?
3
What is the tens digit of 565292?
9
What is the hundreds digit of 19483474?
4
What is the hundreds digit of 83813?
8
What is the millions digit of 1661241?
1
What is the tens digit of 1179291?
9
What is the tens digit of 90830?
3
What is the units digit of 2172142?
2
What is the units digit of 28957?
7
What is the tens digit of 891543?
4
What is the tens digit of 1778261?
6
What is the hundred thousands digit of 2224215?
2
What is the ten thousands digit of 2076812?
7
What is the tens digit of 298028?
2
What is the hundred thousands digit of 14640134?
6
What is the hundreds digit of 103541?
5
What is the units digit of 20848096?
6
What is the units digit of 60503?
3
What is the thousands digit of 6946841?
6
What is the units digit of 843662?
2
What is the hundreds digit of 1473755?
7
What is the thousands digit of 593577?
3
What is the hundreds digit of 192312?
3
What is the hundreds digit of 1230151?
1
What is the ten thousands digit of 1092261?
9
What is the thousands digit of 281413?
1
What is the units digit of 15563?
3
What is the thousands digit of 1117182?
7
What is the hundred thousands digit of 2312360?
3
What is the hundreds digit of 1797?
7
What is the ten thousands digit of 7521384?
2
What is the thousands digit of 2501798?
1
What is the ten thousands digit of 2073586?
7
What is the units digit of 473395?
5
What is the hundred thousands digit of 826507?
8
What is the ten thousands digit of 4395588?
9
What is the thousands digit of 4366944?
6
What is the ten thousands digit of 65691?
6
What is the ten thousands digit of 4689443?
8
What is the ten millions digit of 13713610?
1
What is the hundreds digit of 806450?
4
What is the units digit of 23149145?
5
What is the tens digit of 1383817?
1
What is the tens digit of 332914?
1
What is the units digit of 5702140?
0
What is the hundreds digit of 805580?
5
What is the thousands digit of 2314013?
4
What is the thousands digit of 900347?
0
What is the units digit of 48640?
0
What is the ten thousands digit of 2662351?
6
What is the ten millions digit of 16458279?
1
What is the thousands digit of 11436930?
6
What is the tens digit of 9465930?
3
What is the hundred thousands digit of 8412617?
4
What is the hundreds digit of 1300819?
8
What is the thousands digit of 3357580?
7
What is the tens digit of 28951060?
6
What is the tens digit of 430986?
8
What is the thousands digit of 981068?
1
What is the tens digit of 7009834?
3
What is the hundreds digit of 7185590?
5
What is the hundred thousands digit of 140011?
1
What is the millions digit of 4346900?
4
What is the thousands digit of 12149784?
9
What is the hundred thousands digit of 1775169?
7
What is the tens digit of 281527?
2
What is the tens digit of 3101910?
1
What is the hundred thousands digit of 643801?
6
What is the hundred thousands digit of 24105351?
1
What is the hundreds digit of 3134908?
9
What is the thousands digit of 4774390?
4
What is the hundred thousands digit of 5345806?
3
What is the thousands digit of 19741194?
1
What is the hundreds digit of 4597312?
3
What is the units digit of 533248?
8
What is the hundred thousands digit of 15213801?
2
What is the hundred thousands digit of 1242256?
2
What is the hundred thousands digit of 247331?
2
What is the tens digit of 5915499?
9
What is the tens digit of 8150448?
4
What is the units digit of 8180381?
1
What is the millions digit of 18982723?
8
What is the tens digit of 693142?
4
What is the tens digit of 136004?
0
What is the hundreds digit of 4537790?
7
What is the hundred thousands digit of 208658?
2
What is the tens digit of 3684529?
2
What is the tens digit of 23223185?
8
What is the thousands digit of 747957?
7
What is the units digit of 528357?
7
What is the thousands digit of 624054?
4
What is the tens digit of 2076956?
5
What is the hundred thousands digit of 394886?
3
What is the units digit of 105090?
0
What is the hundred thousands digit of 238096?
2
What is the units digit of 1286323?
3
What is the tens digit of 4695?
9
What is the tens digit of 865264?
6
What is the hundred thousands digit of 204746?
2
What is the hundred thousands digit of 464336?
4
What is the tens digit of 342121?
2
What is the thousands digit of 1844134?
4
What is the units digit of 19510165?
5
What is the hundreds digit of 8136087?
0
What is the thousands digit of 8954322?
4
What is the hundreds digit of 412731?
7
What is the thousands digit of 20524722?
4
What is the hundreds digit of 757755?
7
What is the ten thousands digit of 2844075?
4
What is the hundred thousands digit of 6350665?
3
What is the millions digit of 1077371?
1
What is the thousands digit of 94166?
4
What is the thousands digit of 938094?
8
What is the units digit of 18729623?
3
What is the thousands digit of 52190?
2
What is the units digit of 775448?
8
What is the tens digit of 7735653?
5
What is the hundreds digit of 168873?
8
What is the hundred thousands digit of 685974?
6
What is the tens digit of 1470447?
4
What is the tens digit of 1410714?
1
What is the units digit of 3800580?
0
What is the thousands digit of 4646494?
6
What is the tens digit of 13987555?
5
What is the tens digit of 8984111?
1
What is the units digit of 146?
6
What is the hundreds digit of 682649?
6
What is the thousands digit of 1129634?
9
What is the millions digit of 1816216?
1
What is the hundreds digit of 392519?
5
What is the tens digit of 987774?
7
What is the ten millions digit of 18898872?
1
What is the units digit of 749594?
4
What is the hundreds digit of 354445?
4
What is the hundreds digit of 225262?
2
What is the units digit of 35775658?
8
What is the units digit of 362590?
0
What is the hundreds digit of 1589324?
3
What is the ten thousands digit of 501093?
0
What is the units digit of 9812281?
1
What is the ten millions digit of 11268805?
1
What is the hundred thousands digit of 1101605?
1
What is the hundreds digit of 4609563?
5
What is the units digit of 21586956?
6
What is the ten thousands digit of 353897?
5
What is the tens digit of 1526414?
1
What is the hundreds digit of 910563?
5
What is the hundred thousands digit of 345604?
3
What is the te